6. What is the tens digit of p?
4
Let p = -71 + 75. Suppose m + 3*j = -6, 5*m - 3*m = p*j + 18. Suppose 4*k + m*v - 243 = 0, -k - 2*v = -4*k + 178. What is the tens digit of k?
6
Suppose -3069 = -6*c + 21957. What is the hundreds digit of c?
1
Let q = -402 - -354. What is the units digit of (-21054)/q + 18/48?
9
Let j be -1*6*1*-329. Suppose j = 7*u - u. Suppose 21 = -4*b + u. What is the units digit of b?
7
Let s(q) = 158*q**2 + 9*q + 37. Let o be s(-3). Let a = -988 + o. What is the units digit of a?
4
What is the tens digit of ((72/54)/((-2)/(-3)))/(16/60608)?
7
Let a(k) = 4*k**2 - 45*k + 16. Let q be a(11). Suppose -5*w + 2*t + 7314 = 0, -w + 0*w - q*t + 1479 = 0. What is the tens digit of w?
6
Let u = 537 - 953. Let p = -188 - u. What is the hundreds digit of p?
2
Suppose -5*r = -a + 45, -165 = 2*a - 7*a + 5*r. Let k = -28 + a. Suppose -k*b - 18 + 5 = 3*c, -b = 3*c + 14. What is the units digit of b?
1
Suppose 1954 + 11106 = -5*u. What is the hundreds digit of (7 + -8)*u/4?
6
Suppose -5*p + 291 = 261. Let h(b) be the first derivative of b**4/4 - b**3 - 7*b**2 - b + 1. What is the tens digit of h(p)?
2
Let v(h) = 824*h - 86. What is the units digit of v(15)?
4
Let i = -287 + 289. Suppose -m + 2*v + 35 = -v, -127 = -3*m - i*v. What is the units digit of m?
1
Suppose 0 = -v + 2 + 2. Suppose v*i + 15 - 67 = m, i = 3. What is the units digit of (5/(-2))/(-2 + (-78)/m)?
0
Suppose -12*b + 5*b = 0. Suppose -2*z - o + 479 = b, -2*z = 2*o + 3*o - 475. Let t = z + -107. What is the tens digit of t?
3
Let q = 2044 - 1378. Suppose c = 3*c - q. Let t = c + -192. What is the units digit of t?
1
Suppose o = 0, -4*h + 3*o = -0*o - 248. Suppose -2*b + z + 94 = -2*z, -h = -2*b - 5*z. What is the units digit of (b/(-2))/(11/(-66))?
3
Let q = 39 + -37. Let t(f) = 22*f**3 + 4*f**2 - 5*f + 4. Let i be t(q). Suppose 0 = 2*s - 5*s + i. What is the units digit of s?
2
Let a be (-20)/40*5*(-1 + -1). What is the tens digit of 0 + 124*a + (6 - 1)?
2
Suppose 6*t = 7*t - 12. Suppose 12*s - 16*s = -t. Suppose s*j + 2*v - 415 = 0, -3*j - 2*v + 689 = 2*j. What is the units digit of j?
7
Suppose 0 = 3*a + 8*x - 12*x - 175301, 7*a + 4*x - 409009 = 0. What is the ten thousands digit of a?
5
Suppose -12694 = 7*l - 35388. What is the tens digit of l?
4
Suppose 25*u - 60*u + 495810 = -14*u. What is the tens digit of u?
1
Let r be (15 - 12) + 21*(-1)/(-1). Let n be 255/9 - (-16)/r. Let x = 5 + n. What is the units digit of x?
4
What is the units digit of (19165/(-1) + 3)/((-32)/16)?
1
Let s(f) be the third derivative of -f**5/60 - 23*f**4/24 + 7*f**3/6 - 14*f**2. Let m be 12/9*(-27)/2. What is the units digit of s(m)?
7
Let a = 146 + -417. Let v = 164 - a. What is the hundreds digit of v?
4
Let o(f) = 42*f**2 - 12*f - 10. Let k be o(-9). Suppose 5*c = k - 560. What is the hundreds digit of c?
5
Suppose 2*q + 5338 = -15*q. Let v = 95 - q. What is the hundreds digit of v?
4
Let f = 5663 + -3344. Suppose -12*w - 159 = -f. What is the tens digit of w?
8
Let s(o) = 55*o**2 + 106*o + 3. What is the units digit of s(9)?
2
Suppose -2*b + s + 522 = 4*s, -8 = -2*s. What is the units digit of (-6732)/b*10/(-4)?
6
Let r = -50 - -55. Suppose q + r*z - 218 = 0, 2*q + 2*z - 412 = -0*z. Suppose 541 + q = 6*o. What is the units digit of o?
4
Let q(d) be the third derivative of 19*d**4/12 + 11*d**3 - 10*d**2 - 4. What is the hundreds digit of q(10)?
4
Suppose 8*f = -1 + 33. What is the tens digit of ((-12)/f)/((-54)/15462)?
5
Let r = 109331 - 76505. What is the hundreds digit of r?
8
Suppose -134*k - 215244 + 1037428 = -4457818. What is the hundreds digit of k?
4
Suppose n = -0*n + 17. Suppose n*u - 20*u + 15 = 0. Let w = 93 - u. What is the tens digit of w?
8
What is the ten thousands digit of 121/(-2)*(-120 + -52)?
1
Suppose -17*v + 40 = -19*v. Let b = v - 44. Let r = -48 - b. What is the tens digit of r?
1
Let d be -6*5/(-15)*-1. Let i be (1 + 0 + d)*-6. Let k(z) = 3*z**2 + 5*z - 2. What is the hundreds digit of k(i)?
1
Let a(l) = 23*l**2 + 18*l + 210. What is the hundreds digit of a(-6)?
9
Let y = -19 - -18. Let d be 15*3341/39*y*1. What is the tens digit of (-2)/(-6) - d/15?
8
Suppose -3*b - 421 = -o, 5*o + 3*b - 2165 = -2*b. Let i be o/3 + (-13)/39. Suppose r + 0*j + 5*j = i, -3*r = 2*j - 481. What is the units digit of r?
3
Suppose 0 = 3*m - 6*m + t - 3, -3*m - 12 = -4*t. Suppose 7*q - 1315 - 1352 = m. What is the tens digit of q?
8
Let o = 470 - 468. Suppose 5*b = -3*j + o*b + 1035, -b = -4*j + 1375. What is the hundreds digit of j?
3
Let o(p) = p**3 + 34*p**2 - 108*p + 116. Let w be o(-37). Let d(l) = 42*l**2 + l + 1. Let f be d(-2). Suppose f = w*h - 548. What is the hundreds digit of h?
1
Let z(b) = -2*b - 18. Let g be z(-7). Let s = 109 - g. What is the units digit of s?
3
Let f(c) = c**2 - 55*c + 2237. What is the units digit of f(60)?
7
Suppose 4*r + 4*n - 4 = -0, 3*n = -5*r + 13. Suppose -r*s + 136 = -4*s. What is the tens digit of s?
3
Let g(o) = -33*o - 2. Suppose -2*w + n = -48, 0 = 4*w - 3*w - 3*n - 19. Suppose 4*u = -5*q - w, u - q = -4*q - 8. What is the tens digit of g(u)?
6
Let w be ((-2)/(-4) - (-63)/(-54))*-336. Suppose -3*g = -g - w. What is the units digit of g?
2
Let c(b) = 4*b + 12. Let g(u) = 11*u + 35. Let p(v) = -8*c(v) + 3*g(v). Let z be p(-2). Suppose -z*r + 5*r = -48. What is the tens digit of r?
2
Let v(c) = c**3 + 4*c**2 + 188*c + 70. What is the units digit of v(37)?
5
Suppose -48*c + 62*c + 136901 = 31*c. What is the hundreds digit of c?
0
Let a = -13878 + 19443. What is the hundreds digit of a?
5
Suppose 668817 - 92349 = 36*g. What is the units digit of g?
3
Let m(w) = 13*w - 1. Let g(h) = -29 + 10 + 8 + 10. Let v(f) = -2*g(f) + m(f). What is the tens digit of v(7)?
9
Let x(s) = -s**2 + 12*s - 8. Let w be x(0). Let o(f) = 2*f**2 - 3*f + 67. What is the hundreds digit of o(w)?
2
Let c(m) = -2520*m - 2057. What is the hundreds digit of c(-4)?
0
Let p = 11 - -4. Let m be 3*(-1)/p*-5. Let f(o) = 138*o - 1. What is the units digit of f(m)?
7
Suppose 0 = 2*i + 5*u - 3158, -2*i + 3*u - 2*u + 3170 = 0. What is the units digit of (2 - (-3)/(-2))/(22/i)?
6
Let f = -1069 - -1509. Let o = 212 + f. What is the units digit of o?
2
Let y = -752 + 747. What is the tens digit of 12407/15 - (y - (-77)/15)?
2
Suppose 82 = b + 82. Suppose -5*r + b*r = 50. Let v(c) = -c**2 - 24*c - 5. What is the tens digit of v(r)?
3
Let y = -4465 + 7286. What is the tens digit of y?
2
Let u(t) = t**2 + 2*t + 3. Let n be u(-2). Let w(b) = 7*b**2 + 3*b - 4*b**3 + 4*b**3 - n*b**3 - 6 + 4*b**3. What is the tens digit of w(-4)?
3
Suppose -2*q - 19 = -y, 4*y = 6*q - 8*q + 96. Suppose 5*s = -3*f + 324 - y, -4*s + 198 = 2*f. What is the units digit of f?
7
Let q = -32 - -32. Suppose 0 = 8*z - q*z + 3288. What is the tens digit of 16/56 - z/7?
5
Suppose -13 = v - 4*x - 10, 4 = x. Suppose 12*i - 3*o + 35 = v*i, 2*i - 5*o - 26 = 0. What is the tens digit of i?
2
Suppose 47*a - 4*b + 402 = 45*a, -4*a = 5*b + 778. Let k = -158 - a. What is the tens digit of k?
3
Suppose 0 = 13*b - t - 62426, -4*b + 39*t + 19208 = 35*t. What is the thousands digit of b?
4
Let u = 52978 + -35892. What is the thousands digit of u?
7
Suppose -88*a + 161304 = -22*a. What is the units digit of a?
4
Let q(f) = 14*f - 10. Let u be q(1). Suppose 5*s + 346 = -u*g + 945, -g = 3*s - 358. What is the hundreds digit of s?
1
Suppose -m + 1 = i + 3*i, 0 = 4*m + i - 19. Suppose -19 + m = -7*a. Let o = 23 - a. What is the tens digit of o?
2
Suppose 6*b + 6 = 4*d + 3*b, -4 = 2*b. Suppose d = -9*t + 13*t - 1064. What is the hundreds digit of t?
2
Let y(q) = q**2 - 9*q - 67. Let h be y(14). Suppose h*p - p - 5*x = 1428, 16 = 4*x. What is the hundreds digit of p?
7
Suppose -2*a - 2*h + 694 = 0, -4*a - 2*h = -3*h - 1413. Let n = 1020 - a. What is the units digit of (-4)/((-208)/n) + (-4)/(-26)?
3
Let q(o) = -2*o**3 - 41*o**2 - 118*o - 1005. What is the units digit of q(-26)?
9
Let v(u) = 5*u**2 + 47*u - 2. Let k(s) = -4*s**2 + 27*s + 55. Let x be k(-2). What is the hundreds digit of v(x)?
4
What is the hundreds digit of (-11*30/220)/(3/(-334))?
1
Suppose 143*i = 144*i - 2*t - 6069, -3*i = 2*t - 18223. What is the hundreds digit of i?
0
Suppose 9*m = 4*m + 230. Suppose -48*s + 406 = -m*s. Suppose 0*d = 3*l + 3*d - 579, l - s = -3*d. What is